{"id":342,"date":"2019-10-03T12:40:05","date_gmt":"2019-10-03T17:40:05","guid":{"rendered":"http:\/\/import.getbowtied.com\/merchandiser-v1.1\/?page_id=342"},"modified":"2024-05-10T09:53:30","modified_gmt":"2024-05-10T14:53:30","slug":"conoceos","status":"publish","type":"page","link":"https:\/\/www.industriapautex.com\/index.php\/conoceos\/","title":{"rendered":"Nosotros"},"content":{"rendered":"<p>[vc_row css=\u00bb.vc_custom_1573873297898{padding-top: 90px !important;padding-right: 0px !important;padding-bottom: 0px !important;padding-left: 0px !important;background-color: #ffffff !important;}\u00bb][vc_column][vc_single_image image=\u00bb1473&#8243; img_size=\u00bbfull\u00bb css_animation=\u00bbflipInX\u00bb][\/vc_column][\/vc_row][vc_row css=\u00bb.vc_custom_1573873203310{padding-top: 0px !important;padding-right: 20px !important;padding-bottom: 0px !important;padding-left: 20px !important;background-color: #ffffff !important;}\u00bb][vc_column]<h3 class=\"shortcode_title secondary_font \" style=\"font-size:20px;text-align:left;color:#c21919;\" >Visi\u00f3n<\/h3>[vc_column_text css=\u00bb.vc_custom_1573922898586{padding-top: 0px !important;padding-bottom: 0px !important;}\u00bb]<\/p>\n<p style=\"text-align: justify;\">Como empresa textil dar soluciones personalizadas, brindando apoyo y asesor\u00eda a empresarios, trabajadores, amas de casa, estudiantes. Acerc\u00e1ndolos as\u00ed al amplio mundo textil.<\/p>\n<p>[\/vc_column_text]<h3 class=\"shortcode_title secondary_font \" style=\"font-size:20px;text-align:left;color:#c21919;\" >Misi\u00f3n<\/h3>[vc_column_text css=\u00bb.vc_custom_1573922884372{padding-top: 0px !important;}\u00bb]<\/p>\n<p style=\"text-align: justify;\">Promover el desarrollo textil brindando una\u00a0 producci\u00f3n eficiente mediante el trabajo apasionado, honesto y din\u00e1mico.\u00a0 Para esto contamos con telas de la mejor calidad.<\/p>\n<p>[\/vc_column_text][vc_column_text]<\/p>\n<p style=\"text-align: justify;\"><strong>Pautex<\/strong> una empresa con m\u00e1s de 10 a\u00f1os de trayectoria en la industria textil, trabajamos en equipo con el mejor de los \u00e1nimos para dar soluciones personalizadas a sus necesidades de insumos textiles.<br \/>\nNuestros clientes son empresas medianas y peque\u00f1as, micro-empresarios y amas de casa, \u00a0cuyos emprendimientos est\u00e1n orientados a la producci\u00f3n eficiente mediante el trabajo apasionado, honesto y din\u00e1mico. Para esto contamos con \u00a0telas de la mejor calidad, con el prop\u00f3sito de contribuir al desarrollo y progreso del mercado textil de nuestro pa\u00eds Ecuador.<\/p>\n<p>[\/vc_column_text][\/vc_column][\/vc_row][vc_row full_width=\u00bbstretch_row_content_no_spaces\u00bb css=\u00bb.vc_custom_1573871211587{padding-top: 0% !important;padding-bottom: 0% !important;background-color: #ffffff !important;}\u00bb][vc_column][vc_column_text]<\/p>\n<h3 style=\"margin-top: 0cm; text-align: center;\" align=\"center\">Cacique \u00c1lvarez 408 y Manab\u00ed<\/h3>\n<h3 style=\"margin-top: 0cm; text-align: center;\" align=\"center\">Celular: +593 99173251<br \/>\nEmail: industriapautex@gmail.com<\/h3>\n<p>[\/vc_column_text][\/vc_column][\/vc_row]<\/p>\n","protected":false},"excerpt":{"rendered":"<p>[vc_row css=\u00bb.vc_custom_1573873297898{padding-top: 90px !important;padding-right: 0px !important;padding-bottom: 0px !important;padding-left: 0px !important;background-color: #ffffff !important;}\u00bb][vc_column][vc_single_image image=\u00bb1473&#8243; img_size=\u00bbfull\u00bb css_animation=\u00bbflipInX\u00bb][\/vc_column][\/vc_row][vc_row&#8230;<\/p>\n","protected":false},"author":1,"featured_media":0,"parent":0,"menu_order":0,"comment_status":"closed","ping_status":"closed","template":"","meta":{"footnotes":""},"class_list":["post-342","page","type-page","status-publish","hentry"],"_links":{"self":[{"href":"https:\/\/www.industriapautex.com\/index.php\/wp-json\/wp\/v2\/pages\/342","targetHints":{"allow":["GET"]}}],"collection":[{"href":"https:\/\/www.industriapautex.com\/index.php\/wp-json\/wp\/v2\/pages"}],"about":[{"href":"https:\/\/www.industriapautex.com\/index.php\/wp-json\/wp\/v2\/types\/page"}],"author":[{"embeddable":true,"href":"https:\/\/www.industriapautex.com\/index.php\/wp-json\/wp\/v2\/users\/1"}],"replies":[{"embeddable":true,"href":"https:\/\/www.industriapautex.com\/index.php\/wp-json\/wp\/v2\/comments?post=342"}],"version-history":[{"count":77,"href":"https:\/\/www.industriapautex.com\/index.php\/wp-json\/wp\/v2\/pages\/342\/revisions"}],"predecessor-version":[{"id":1683,"href":"https:\/\/www.industriapautex.com\/index.php\/wp-json\/wp\/v2\/pages\/342\/revisions\/1683"}],"wp:attachment":[{"href":"https:\/\/www.industriapautex.com\/index.php\/wp-json\/wp\/v2\/media?parent=342"}],"curies":[{"name":"wp","href":"https:\/\/api.w.org\/{rel}","templated":true}]}}